{"id":814,"date":"2022-03-16T17:24:38","date_gmt":"2022-03-16T17:24:38","guid":{"rendered":"https:\/\/agr-tc.pt\/wp\/?page_id=814"},"modified":"2022-09-12T04:07:28","modified_gmt":"2022-09-12T04:07:28","slug":"horarios-dos-servicos-administrativos-e-do-sase","status":"publish","type":"page","link":"https:\/\/agr-tc.pt\/wp\/?page_id=814","title":{"rendered":"Hor\u00e1rios dos Servi\u00e7os Administrativos e do SASE"},"content":{"rendered":"\n<p>Servi\u00e7os Administrativos na Escola Secund\u00e1ria Tom\u00e1s Cabreira \u2013 das 10:00 \u00e0s 12:00 e das 14:00 \u00e0s 16:00<\/p>\n\n\n\n<p>SASE na Escola Secund\u00e1ria Tom\u00e1s Cabreira \u2013 das 10:00 \u00e0s 12:00 e das 14:00 \u00e0s 16:00<\/p>\n","protected":false},"excerpt":{"rendered":"<p>Servi\u00e7os Administrativos na Escola Secund\u00e1ria Tom\u00e1s Cabreira \u2013 das 10:00 \u00e0s 12:00 e das 14:00 \u00e0s 16:00 SASE na Escola Secund\u00e1ria Tom\u00e1s Cabreira \u2013 das 10:00 \u00e0s 12:00 e das 14:00 \u00e0s 16:00<\/p>\n","protected":false},"author":1,"featured_media":0,"parent":0,"menu_order":0,"comment_status":"closed","ping_status":"closed","template":"","meta":{"footnotes":""},"class_list":["post-814","page","type-page","status-publish","hentry"],"_links":{"self":[{"href":"https:\/\/agr-tc.pt\/wp\/index.php?rest_route=\/wp\/v2\/pages\/814","targetHints":{"allow":["GET"]}}],"collection":[{"href":"https:\/\/agr-tc.pt\/wp\/index.php?rest_route=\/wp\/v2\/pages"}],"about":[{"href":"https:\/\/agr-tc.pt\/wp\/index.php?rest_route=\/wp\/v2\/types\/page"}],"author":[{"embeddable":true,"href":"https:\/\/agr-tc.pt\/wp\/index.php?rest_route=\/wp\/v2\/users\/1"}],"replies":[{"embeddable":true,"href":"https:\/\/agr-tc.pt\/wp\/index.php?rest_route=%2Fwp%2Fv2%2Fcomments&post=814"}],"version-history":[{"count":2,"href":"https:\/\/agr-tc.pt\/wp\/index.php?rest_route=\/wp\/v2\/pages\/814\/revisions"}],"predecessor-version":[{"id":1452,"href":"https:\/\/agr-tc.pt\/wp\/index.php?rest_route=\/wp\/v2\/pages\/814\/revisions\/1452"}],"wp:attachment":[{"href":"https:\/\/agr-tc.pt\/wp\/index.php?rest_route=%2Fwp%2Fv2%2Fmedia&parent=814"}],"curies":[{"name":"wp","href":"https:\/\/api.w.org\/{rel}","templated":true}]}}

Horários dos Serviços Administrativos e do SASE

<p>Serviços Administrativos na Escola Secundária Tomás Cabreira – das 10:00 às 12:00 e das 14:00 às 16:00</p>



<p>SASE na Escola Secundária Tomás Cabreira – das 10:00 às 12:00 e das 14:00 às 16:00</p>

<p>Serviços Administrativos na Escola Secundária Tomás Cabreira – das 10:00 às 12:00 e das 14:00 às 16:00 SASE na Escola Secundária Tomás Cabreira – das 10:00 às 12:00 e das 14:00 às 16:00</p>
