{"id":727,"date":"2022-03-15T07:02:18","date_gmt":"2022-03-15T07:02:18","guid":{"rendered":"https:\/\/agr-tc.pt\/wp\/?page_id=727"},"modified":"2022-03-15T07:02:20","modified_gmt":"2022-03-15T07:02:20","slug":"plano-de-contigencia-covid19-joaquim-magalhaes","status":"publish","type":"page","link":"https:\/\/agr-tc.pt\/wp\/?page_id=727","title":{"rendered":"Plano de Contig\u00eancia &#8211; COVID19 &#8211; Joaquim Magalh\u00e3es"},"content":{"rendered":"\n<div data-wp-interactive=\"core\/file\" class=\"wp-block-file\"><object data-wp-bind--hidden=\"!state.hasPdfPreview\" hidden class=\"wp-block-file__embed\" data=\"https:\/\/agr-tc.pt\/wp\/wp-content\/uploads\/2022\/03\/Plano-de-Contingencia-COVID19_AETC_JoaquimMagalhaes.pdf\" type=\"application\/pdf\" style=\"width:100%;height:600px\" aria-label=\"Incorpora\u00e7\u00e3o de Incorpora\u00e7\u00e3o de Plano-de-Contingencia-COVID19_AETC_JoaquimMagalhaes..\"><\/object><a id=\"wp-block-file--media-9c6e3b6f-2b7e-49ab-8918-4c496d73d1c4\" href=\"https:\/\/agr-tc.pt\/wp\/wp-content\/uploads\/2022\/03\/Plano-de-Contingencia-COVID19_AETC_JoaquimMagalhaes.pdf\">Plano-de-Contingencia-COVID19_AETC_JoaquimMagalhaes<\/a><a href=\"https:\/\/agr-tc.pt\/wp\/wp-content\/uploads\/2022\/03\/Plano-de-Contingencia-COVID19_AETC_JoaquimMagalhaes.pdf\" class=\"wp-block-file__button\" download aria-describedby=\"wp-block-file--media-9c6e3b6f-2b7e-49ab-8918-4c496d73d1c4\">Descarregar<\/a><\/div>\n\n\n\n<p><\/p>\n","protected":false},"excerpt":{"rendered":"","protected":false},"author":1,"featured_media":0,"parent":0,"menu_order":0,"comment_status":"closed","ping_status":"closed","template":"","meta":{"footnotes":""},"class_list":["post-727","page","type-page","status-publish","hentry"],"_links":{"self":[{"href":"https:\/\/agr-tc.pt\/wp\/index.php?rest_route=\/wp\/v2\/pages\/727","targetHints":{"allow":["GET"]}}],"collection":[{"href":"https:\/\/agr-tc.pt\/wp\/index.php?rest_route=\/wp\/v2\/pages"}],"about":[{"href":"https:\/\/agr-tc.pt\/wp\/index.php?rest_route=\/wp\/v2\/types\/page"}],"author":[{"embeddable":true,"href":"https:\/\/agr-tc.pt\/wp\/index.php?rest_route=\/wp\/v2\/users\/1"}],"replies":[{"embeddable":true,"href":"https:\/\/agr-tc.pt\/wp\/index.php?rest_route=%2Fwp%2Fv2%2Fcomments&post=727"}],"version-history":[{"count":1,"href":"https:\/\/agr-tc.pt\/wp\/index.php?rest_route=\/wp\/v2\/pages\/727\/revisions"}],"predecessor-version":[{"id":729,"href":"https:\/\/agr-tc.pt\/wp\/index.php?rest_route=\/wp\/v2\/pages\/727\/revisions\/729"}],"wp:attachment":[{"href":"https:\/\/agr-tc.pt\/wp\/index.php?rest_route=%2Fwp%2Fv2%2Fmedia&parent=727"}],"curies":[{"name":"wp","href":"https:\/\/api.w.org\/{rel}","templated":true}]}}

Plano de Contigência &#8211; COVID19 &#8211; Joaquim Magalhães

<div data-wp-interactive="core/file" class="wp-block-file"><object data-wp-bind--hidden="!state.hasPdfPreview" hidden class="wp-block-file__embed" data="https://agr-tc.pt/wp/wp-content/uploads/2022/03/Plano-de-Contingencia-COVID19_AETC_JoaquimMagalhaes.pdf" type="application/pdf" style="width:100%;height:600px" aria-label="Incorporação de Incorporação de Plano-de-Contingencia-COVID19_AETC_JoaquimMagalhaes.."></object><a id="wp-block-file--media-9c6e3b6f-2b7e-49ab-8918-4c496d73d1c4" href="https://agr-tc.pt/wp/wp-content/uploads/2022/03/Plano-de-Contingencia-COVID19_AETC_JoaquimMagalhaes.pdf">Plano-de-Contingencia-COVID19_AETC_JoaquimMagalhaes</a><a href="https://agr-tc.pt/wp/wp-content/uploads/2022/03/Plano-de-Contingencia-COVID19_AETC_JoaquimMagalhaes.pdf" class="wp-block-file__button" download aria-describedby="wp-block-file--media-9c6e3b6f-2b7e-49ab-8918-4c496d73d1c4">Descarregar</a></div>



<p></p>
