{"id":724,"date":"2022-03-15T07:01:37","date_gmt":"2022-03-15T07:01:37","guid":{"rendered":"https:\/\/agr-tc.pt\/wp\/?page_id=724"},"modified":"2022-03-15T07:01:41","modified_gmt":"2022-03-15T07:01:41","slug":"plano-de-contigencia-covid19-s-luis","status":"publish","type":"page","link":"https:\/\/agr-tc.pt\/wp\/?page_id=724","title":{"rendered":"Plano de Contig\u00eancia &#8211; COVID19 &#8211; S. Lu\u00eds"},"content":{"rendered":"\n<div data-wp-interactive=\"core\/file\" class=\"wp-block-file\"><object data-wp-bind--hidden=\"!state.hasPdfPreview\" hidden class=\"wp-block-file__embed\" data=\"https:\/\/agr-tc.pt\/wp\/wp-content\/uploads\/2022\/03\/Plano-de-Contingencia-COVID19_AETC_SLuis.pdf\" type=\"application\/pdf\" style=\"width:100%;height:600px\" aria-label=\"Incorpora\u00e7\u00e3o de Incorpora\u00e7\u00e3o de Plano-de-Contingencia-COVID19_AETC_SLuis..\"><\/object><a id=\"wp-block-file--media-e01c4ad9-2d51-4c64-a02e-e483d02cdae3\" href=\"https:\/\/agr-tc.pt\/wp\/wp-content\/uploads\/2022\/03\/Plano-de-Contingencia-COVID19_AETC_SLuis.pdf\">Plano-de-Contingencia-COVID19_AETC_SLuis<\/a><a href=\"https:\/\/agr-tc.pt\/wp\/wp-content\/uploads\/2022\/03\/Plano-de-Contingencia-COVID19_AETC_SLuis.pdf\" class=\"wp-block-file__button\" download aria-describedby=\"wp-block-file--media-e01c4ad9-2d51-4c64-a02e-e483d02cdae3\">Descarregar<\/a><\/div>\n\n\n\n<p><\/p>\n","protected":false},"excerpt":{"rendered":"","protected":false},"author":1,"featured_media":0,"parent":0,"menu_order":0,"comment_status":"closed","ping_status":"closed","template":"","meta":{"footnotes":""},"class_list":["post-724","page","type-page","status-publish","hentry"],"_links":{"self":[{"href":"https:\/\/agr-tc.pt\/wp\/index.php?rest_route=\/wp\/v2\/pages\/724","targetHints":{"allow":["GET"]}}],"collection":[{"href":"https:\/\/agr-tc.pt\/wp\/index.php?rest_route=\/wp\/v2\/pages"}],"about":[{"href":"https:\/\/agr-tc.pt\/wp\/index.php?rest_route=\/wp\/v2\/types\/page"}],"author":[{"embeddable":true,"href":"https:\/\/agr-tc.pt\/wp\/index.php?rest_route=\/wp\/v2\/users\/1"}],"replies":[{"embeddable":true,"href":"https:\/\/agr-tc.pt\/wp\/index.php?rest_route=%2Fwp%2Fv2%2Fcomments&post=724"}],"version-history":[{"count":1,"href":"https:\/\/agr-tc.pt\/wp\/index.php?rest_route=\/wp\/v2\/pages\/724\/revisions"}],"predecessor-version":[{"id":726,"href":"https:\/\/agr-tc.pt\/wp\/index.php?rest_route=\/wp\/v2\/pages\/724\/revisions\/726"}],"wp:attachment":[{"href":"https:\/\/agr-tc.pt\/wp\/index.php?rest_route=%2Fwp%2Fv2%2Fmedia&parent=724"}],"curies":[{"name":"wp","href":"https:\/\/api.w.org\/{rel}","templated":true}]}}

Plano de Contigência &#8211; COVID19 &#8211; S. Luís

<div data-wp-interactive="core/file" class="wp-block-file"><object data-wp-bind--hidden="!state.hasPdfPreview" hidden class="wp-block-file__embed" data="https://agr-tc.pt/wp/wp-content/uploads/2022/03/Plano-de-Contingencia-COVID19_AETC_SLuis.pdf" type="application/pdf" style="width:100%;height:600px" aria-label="Incorporação de Incorporação de Plano-de-Contingencia-COVID19_AETC_SLuis.."></object><a id="wp-block-file--media-e01c4ad9-2d51-4c64-a02e-e483d02cdae3" href="https://agr-tc.pt/wp/wp-content/uploads/2022/03/Plano-de-Contingencia-COVID19_AETC_SLuis.pdf">Plano-de-Contingencia-COVID19_AETC_SLuis</a><a href="https://agr-tc.pt/wp/wp-content/uploads/2022/03/Plano-de-Contingencia-COVID19_AETC_SLuis.pdf" class="wp-block-file__button" download aria-describedby="wp-block-file--media-e01c4ad9-2d51-4c64-a02e-e483d02cdae3">Descarregar</a></div>



<p></p>
