{"id":5988,"date":"2024-05-08T14:10:38","date_gmt":"2024-05-08T14:10:38","guid":{"rendered":"https:\/\/agr-tc.pt\/wp\/?page_id=5988"},"modified":"2024-05-10T04:12:08","modified_gmt":"2024-05-10T04:12:08","slug":"matriculas","status":"publish","type":"page","link":"https:\/\/agr-tc.pt\/wp\/?page_id=5988","title":{"rendered":"Matr\u00edculas"},"content":{"rendered":"\n<p>Caro encarregado de educa\u00e7\u00e3o, a inscri\u00e7\u00e3o do seu educando,&nbsp; deve ser efetuada atrav\u00e9s do&nbsp;<strong>Portal das Matr\u00edculas<\/strong>.<\/p>\n\n\n\n<p>Os Encarregados de Educa\u00e7\u00e3o que realizarem a matr\u00edcula do seu educando no Portal das Matr\u00edculas t\u00eam dispon\u00edveis tr\u00eas formas de autentica\u00e7\u00e3o: cart\u00e3o do cidad\u00e3o, chave m\u00f3vel digital e autentica\u00e7\u00e3o do Portal das Finan\u00e7as.<br>Apenas nos casos em que o encarregado de educa\u00e7\u00e3o n\u00e3o possua meios inform\u00e1ticos poder\u00e3o realizar a matr\u00edcula, na&nbsp;secretaria da Escola Dr Joaquim Magalh\u00e3es, uma vez que temos um computador dispon\u00edvel para o efeito. No entanto, dever\u00e1 trazer toda a documenta\u00e7\u00e3o obrigat\u00f3ria.<\/p>\n\n\n\n<p><strong>Educa\u00e7\u00e3o Pr\u00e9-Escolar e 1.\u00ba Ano de Escolaridade<\/strong><br>Per\u00edodo de inscri\u00e7\u00e3o:<br><strong>15 de abril a 15 de maio de 2024<\/strong><\/p>\n\n\n\n<hr class=\"wp-block-separator has-alpha-channel-opacity\"\/>\n\n\n\n<p>Links e documentos \u00fateis:<\/p>\n\n\n\n<p><strong><a href=\"https:\/\/portaldasmatriculas.edu.gov.pt\/#\/portal\/home\" target=\"_blank\" rel=\"noreferrer noopener\">Portal das Matr\u00edculas<\/a><\/strong>:&nbsp;<a href=\"https:\/\/portaldasmatriculas.edu.gov.pt\/#\/portal\/home\" target=\"_blank\" rel=\"noreferrer noopener\">https:\/\/portaldasmatriculas.edu.gov.pt\/#\/portal\/home<\/a><\/p>\n\n\n\n<p><a href=\"https:\/\/www.dgeste.mec.pt\/sinf\/faqsmatriculas\" target=\"_blank\" rel=\"noreferrer noopener\"><strong>FAQ<\/strong>:<\/a>&nbsp;<a href=\"https:\/\/www.dgeste.mec.pt\/sinf\/faqsmatriculas\" target=\"_blank\" rel=\"noreferrer noopener\">https:\/\/www.dgeste.mec.pt\/sinf\/faqsmatriculas<\/a><\/p>\n\n\n\n<p><a href=\"https:\/\/drive.google.com\/file\/d\/1MWPeJUxmGjTHzPnvZkocrcfIw7c7NSYi\/view?usp=sharing\" target=\"_blank\" rel=\"noreferrer noopener\"><strong>Guia<\/strong>&nbsp;para matr\u00edculas escolares 2024\/2025<\/a><\/p>\n\n\n\n<p><a href=\"https:\/\/agr-tc.pt\/wp\/wp-content\/uploads\/2024\/05\/Matriculas2024_25_Pre_Escolar_Aviso.pdf\" target=\"_blank\" rel=\"noreferrer noopener\"><strong>AVISO<\/strong>: Matr\u00edculas para o&nbsp;<strong>Pr\u00e9-Escolar<\/strong>&nbsp;\u2013 20242\/2025<\/a><\/p>\n\n\n\n<p><a href=\"https:\/\/agr-tc.pt\/wp\/wp-content\/uploads\/2024\/05\/Matriculas2024_25_1ano_Aviso.pdf\" target=\"_blank\" rel=\"noreferrer noopener\"><strong>AVISO<\/strong>: Matr\u00edculas para o&nbsp;<strong>1.\u00ba ano<\/strong>&nbsp;\u2013 2024\/2025<\/a><\/p>\n\n\n\n<p><a href=\"https:\/\/agr-tc.pt\/wp\/wp-content\/uploads\/2024\/05\/Matriculas2024_25_prioridades_Pre_Escolar_1ano.pdf\" target=\"_blank\" rel=\"noreferrer noopener\"><strong>Prioridades<\/strong>&nbsp;na matr\u00edcula ou renova\u00e7\u00e3o de matr\u00edcula<\/a><\/p>\n\n\n\n<p><a href=\"https:\/\/agr-tc.pt\/wp\/wp-content\/uploads\/2023\/04\/Ficha_Inscricao_prolongamento-pre-editavel.pdf\" target=\"_blank\" rel=\"noreferrer noopener\">Ficha de inscri\u00e7\u00e3o do&nbsp;<strong>prolongamento<\/strong>&nbsp;do Pr\u00e9-escolar<\/a><\/p>\n\n\n\n<p><a href=\"https:\/\/agr-tc.pt\/wp\/?p=5900(abre%20num%20novo%20separador)\" target=\"_blank\" rel=\"noreferrer noopener\">Candidatura aos&nbsp;<strong>aux\u00edlios econ\u00f3micos<\/strong>&nbsp;\u2013 ASE 2024\/2025<\/a><br><\/p>\n\n\n\n<p><\/p>\n\n\n\n<p><\/p>\n\n\n\n<hr class=\"wp-block-separator has-alpha-channel-opacity\"\/>\n\n\n","protected":false},"excerpt":{"rendered":"<p>Caro encarregado de educa\u00e7\u00e3o, a inscri\u00e7\u00e3o do seu educando,&nbsp; deve ser efetuada atrav\u00e9s do&nbsp;Portal das Matr\u00edculas. Os Encarregados de Educa\u00e7\u00e3o que realizarem a matr\u00edcula do seu educando no Portal das Matr\u00edculas t\u00eam dispon\u00edveis tr\u00eas formas de autentica\u00e7\u00e3o: cart\u00e3o do cidad\u00e3o, chave m\u00f3vel digital e autentica\u00e7\u00e3o do Portal das Finan\u00e7as.Apenas nos casos em que o encarregado&hellip;<\/p>\n","protected":false},"author":1,"featured_media":6003,"parent":0,"menu_order":0,"comment_status":"closed","ping_status":"closed","template":"","meta":{"footnotes":""},"class_list":["post-5988","page","type-page","status-publish","has-post-thumbnail","hentry"],"_links":{"self":[{"href":"https:\/\/agr-tc.pt\/wp\/index.php?rest_route=\/wp\/v2\/pages\/5988","targetHints":{"allow":["GET"]}}],"collection":[{"href":"https:\/\/agr-tc.pt\/wp\/index.php?rest_route=\/wp\/v2\/pages"}],"about":[{"href":"https:\/\/agr-tc.pt\/wp\/index.php?rest_route=\/wp\/v2\/types\/page"}],"author":[{"embeddable":true,"href":"https:\/\/agr-tc.pt\/wp\/index.php?rest_route=\/wp\/v2\/users\/1"}],"replies":[{"embeddable":true,"href":"https:\/\/agr-tc.pt\/wp\/index.php?rest_route=%2Fwp%2Fv2%2Fcomments&post=5988"}],"version-history":[{"count":25,"href":"https:\/\/agr-tc.pt\/wp\/index.php?rest_route=\/wp\/v2\/pages\/5988\/revisions"}],"predecessor-version":[{"id":6090,"href":"https:\/\/agr-tc.pt\/wp\/index.php?rest_route=\/wp\/v2\/pages\/5988\/revisions\/6090"}],"wp:featuredmedia":[{"embeddable":true,"href":"https:\/\/agr-tc.pt\/wp\/index.php?rest_route=\/wp\/v2\/media\/6003"}],"wp:attachment":[{"href":"https:\/\/agr-tc.pt\/wp\/index.php?rest_route=%2Fwp%2Fv2%2Fmedia&parent=5988"}],"curies":[{"name":"wp","href":"https:\/\/api.w.org\/{rel}","templated":true}]}}

Matrículas

<p>Caro encarregado de educação, a inscrição do seu educando,&nbsp; deve ser efetuada através do&nbsp;<strong>Portal das Matrículas</strong>.</p>



<p>Os Encarregados de Educação que realizarem a matrícula do seu educando no Portal das Matrículas têm disponíveis três formas de autenticação: cartão do cidadão, chave móvel digital e autenticação do Portal das Finanças.<br>Apenas nos casos em que o encarregado de educação não possua meios informáticos poderão realizar a matrícula, na&nbsp;secretaria da Escola Dr Joaquim Magalhães, uma vez que temos um computador disponível para o efeito. No entanto, deverá trazer toda a documentação obrigatória.</p>



<p><strong>Educação Pré-Escolar e 1.º Ano de Escolaridade</strong><br>Período de inscrição:<br><strong>15 de abril a 15 de maio de 2024</strong></p>



<hr class="wp-block-separator has-alpha-channel-opacity"/>



<p>Links e documentos úteis:</p>



<p><strong><a href="https://portaldasmatriculas.edu.gov.pt/#/portal/home" target="_blank" rel="noreferrer noopener">Portal das Matrículas</a></strong>:&nbsp;<a href="https://portaldasmatriculas.edu.gov.pt/#/portal/home" target="_blank" rel="noreferrer noopener">https://portaldasmatriculas.edu.gov.pt/#/portal/home</a></p>



<p><a href="https://www.dgeste.mec.pt/sinf/faqsmatriculas" target="_blank" rel="noreferrer noopener"><strong>FAQ</strong>:</a>&nbsp;<a href="https://www.dgeste.mec.pt/sinf/faqsmatriculas" target="_blank" rel="noreferrer noopener">https://www.dgeste.mec.pt/sinf/faqsmatriculas</a></p>



<p><a href="https://drive.google.com/file/d/1MWPeJUxmGjTHzPnvZkocrcfIw7c7NSYi/view?usp=sharing" target="_blank" rel="noreferrer noopener"><strong>Guia</strong>&nbsp;para matrículas escolares 2024/2025</a></p>



<p><a href="https://agr-tc.pt/wp/wp-content/uploads/2024/05/Matriculas2024_25_Pre_Escolar_Aviso.pdf" target="_blank" rel="noreferrer noopener"><strong>AVISO</strong>: Matrículas para o&nbsp;<strong>Pré-Escolar</strong>&nbsp;– 20242/2025</a></p>



<p><a href="https://agr-tc.pt/wp/wp-content/uploads/2024/05/Matriculas2024_25_1ano_Aviso.pdf" target="_blank" rel="noreferrer noopener"><strong>AVISO</strong>: Matrículas para o&nbsp;<strong>1.º ano</strong>&nbsp;– 2024/2025</a></p>



<p><a href="https://agr-tc.pt/wp/wp-content/uploads/2024/05/Matriculas2024_25_prioridades_Pre_Escolar_1ano.pdf" target="_blank" rel="noreferrer noopener"><strong>Prioridades</strong>&nbsp;na matrícula ou renovação de matrícula</a></p>



<p><a href="https://agr-tc.pt/wp/wp-content/uploads/2023/04/Ficha_Inscricao_prolongamento-pre-editavel.pdf" target="_blank" rel="noreferrer noopener">Ficha de inscrição do&nbsp;<strong>prolongamento</strong>&nbsp;do Pré-escolar</a></p>



<p><a href="https://agr-tc.pt/wp/?p=5900(abre%20num%20novo%20separador)" target="_blank" rel="noreferrer noopener">Candidatura aos&nbsp;<strong>auxílios económicos</strong>&nbsp;– ASE 2024/2025</a><br></p>



<p></p>



<p></p>



<hr class="wp-block-separator has-alpha-channel-opacity"/>

<p>Caro encarregado de educação, a inscrição do seu educando,&nbsp; deve ser efetuada através do&nbsp;Portal das Matrículas. Os Encarregados de Educação que realizarem a matrícula do seu educando no Portal das Matrículas têm disponíveis três formas de autenticação: cartão do cidadão, chave móvel digital e autenticação do Portal das Finanças.Apenas nos casos em que o encarregado&hellip;</p>
