{"id":396,"date":"2021-12-05T09:08:12","date_gmt":"2021-12-05T09:08:12","guid":{"rendered":"https:\/\/agr-tc.pt\/wp\/?page_id=396"},"modified":"2025-09-15T20:00:51","modified_gmt":"2025-09-15T20:00:51","slug":"servicos-administrativos","status":"publish","type":"page","link":"https:\/\/agr-tc.pt\/wp\/?page_id=396","title":{"rendered":"Servi\u00e7os Administrativos \/ SASE"},"content":{"rendered":"\n<h2 class=\"wp-block-heading\"><strong>Hor\u00e1rio de atendimento<\/strong><\/h2>\n\n\n\n<p class=\"has-medium-font-size\"><strong>2\u00aa, 3\u00aa, 5\u00aa e 6\u00aa: 10h00 \u00e0s 12h00 e 14H00 \u00e0s 16h00<\/strong><\/p>\n\n\n\n<p class=\"has-medium-font-size\"><strong>4\u00aa: 9h00 \u00e0s 13h00<\/strong><\/p>\n\n\n\n<p><a rel=\"noreferrer noopener\" href=\"mailto:secretaria@agr-tc.pt\" target=\"_blank\">secretaria@agr-tc.pt<\/a><br><\/p>\n\n\n\n<p><strong>Coordenadora T\u00e9cnica:<\/strong><\/p>\n\n\n\n<p>Helena Santos<\/p>\n\n\n\n<p><br><strong>Assistentes T\u00e9cnicos:<\/strong><\/p>\n\n\n\n<figure class=\"wp-block-table\"><table><tbody><tr><td>Ana Clara Rodrigues&nbsp;<\/td><\/tr><tr><td>Ana Inoc\u00eancio<\/td><\/tr><tr><td>Ana Paula Agostinho<\/td><\/tr><tr><td>B\u00e1rbara Lopes<\/td><\/tr><tr><td>Camila Cordeiro<\/td><\/tr><tr><td>Carla Anico<\/td><\/tr><tr><td>Cid\u00e1lia Dias<\/td><\/tr><tr><td>F\u00e1tima Gabadinho<\/td><\/tr><tr><td>Francisca Canhoto<\/td><\/tr><tr><td>Isabel Fernandes<\/td><\/tr><tr><td>Maria Ros\u00e1rio<\/td><\/tr><tr><td>Miriam Dores<\/td><\/tr><tr><td>Sandra Domingos<\/td><\/tr><tr><td>Telmo Sim\u00f5es<\/td><\/tr><\/tbody><\/table><\/figure>\n","protected":false},"excerpt":{"rendered":"<p>Hor\u00e1rio de atendimento 2\u00aa, 3\u00aa, 5\u00aa e 6\u00aa: 10h00 \u00e0s 12h00 e 14H00 \u00e0s 16h00 4\u00aa: 9h00 \u00e0s 13h00 secretaria@agr-tc.pt Coordenadora T\u00e9cnica: Helena Santos Assistentes T\u00e9cnicos: Ana Clara Rodrigues&nbsp; Ana Inoc\u00eancio Ana Paula Agostinho B\u00e1rbara Lopes Camila Cordeiro Carla Anico Cid\u00e1lia Dias F\u00e1tima Gabadinho Francisca Canhoto Isabel Fernandes Maria Ros\u00e1rio Miriam Dores Sandra Domingos Telmo&hellip;<\/p>\n","protected":false},"author":2,"featured_media":0,"parent":0,"menu_order":0,"comment_status":"closed","ping_status":"closed","template":"","meta":{"footnotes":""},"class_list":["post-396","page","type-page","status-publish","hentry"],"_links":{"self":[{"href":"https:\/\/agr-tc.pt\/wp\/index.php?rest_route=\/wp\/v2\/pages\/396","targetHints":{"allow":["GET"]}}],"collection":[{"href":"https:\/\/agr-tc.pt\/wp\/index.php?rest_route=\/wp\/v2\/pages"}],"about":[{"href":"https:\/\/agr-tc.pt\/wp\/index.php?rest_route=\/wp\/v2\/types\/page"}],"author":[{"embeddable":true,"href":"https:\/\/agr-tc.pt\/wp\/index.php?rest_route=\/wp\/v2\/users\/2"}],"replies":[{"embeddable":true,"href":"https:\/\/agr-tc.pt\/wp\/index.php?rest_route=%2Fwp%2Fv2%2Fcomments&post=396"}],"version-history":[{"count":3,"href":"https:\/\/agr-tc.pt\/wp\/index.php?rest_route=\/wp\/v2\/pages\/396\/revisions"}],"predecessor-version":[{"id":9811,"href":"https:\/\/agr-tc.pt\/wp\/index.php?rest_route=\/wp\/v2\/pages\/396\/revisions\/9811"}],"wp:attachment":[{"href":"https:\/\/agr-tc.pt\/wp\/index.php?rest_route=%2Fwp%2Fv2%2Fmedia&parent=396"}],"curies":[{"name":"wp","href":"https:\/\/api.w.org\/{rel}","templated":true}]}}

Serviços Administrativos / SASE

<h2 class="wp-block-heading"><strong>Horário de atendimento</strong></h2>



<p class="has-medium-font-size"><strong>2ª, 3ª, 5ª e 6ª: 10h00 às 12h00 e 14H00 às 16h00</strong></p>



<p class="has-medium-font-size"><strong>4ª: 9h00 às 13h00</strong></p>



<p><a rel="noreferrer noopener" href="mailto:secretaria@agr-tc.pt" target="_blank">secretaria@agr-tc.pt</a><br></p>



<p><strong>Coordenadora Técnica:</strong></p>



<p>Helena Santos</p>



<p><br><strong>Assistentes Técnicos:</strong></p>



<figure class="wp-block-table"><table><tbody><tr><td>Ana Clara Rodrigues&nbsp;</td></tr><tr><td>Ana Inocêncio</td></tr><tr><td>Ana Paula Agostinho</td></tr><tr><td>Bárbara Lopes</td></tr><tr><td>Camila Cordeiro</td></tr><tr><td>Carla Anico</td></tr><tr><td>Cidália Dias</td></tr><tr><td>Fátima Gabadinho</td></tr><tr><td>Francisca Canhoto</td></tr><tr><td>Isabel Fernandes</td></tr><tr><td>Maria Rosário</td></tr><tr><td>Miriam Dores</td></tr><tr><td>Sandra Domingos</td></tr><tr><td>Telmo Simões</td></tr></tbody></table></figure>

<p>Horário de atendimento 2ª, 3ª, 5ª e 6ª: 10h00 às 12h00 e 14H00 às 16h00 4ª: 9h00 às 13h00 secretaria@agr-tc.pt Coordenadora Técnica: Helena Santos Assistentes Técnicos: Ana Clara Rodrigues&nbsp; Ana Inocêncio Ana Paula Agostinho Bárbara Lopes Camila Cordeiro Carla Anico Cidália Dias Fátima Gabadinho Francisca Canhoto Isabel Fernandes Maria Rosário Miriam Dores Sandra Domingos Telmo&hellip;</p>
