{"id":3746,"date":"2023-05-09T16:18:45","date_gmt":"2023-05-09T16:18:45","guid":{"rendered":"https:\/\/agr-tc.pt\/wp\/?page_id=3746"},"modified":"2023-05-09T16:36:43","modified_gmt":"2023-05-09T16:36:43","slug":"cursos-efa-educacao-e-formacao-de-adultos","status":"publish","type":"page","link":"https:\/\/agr-tc.pt\/wp\/?page_id=3746","title":{"rendered":"CURSOS EFA"},"content":{"rendered":"\n<div id=\"section-gde12b1\" class=\"wp-block-gutentor-e1 section-gde12b1 gutentor-element gutentor-element-advanced-text text-align-center-desktop\"><div class=\"gutentor-text-wrap\"><h2 class=\"gutentor-text\"><strong>CURSOS EFA (EDUCA\u00c7\u00c3O E FORMA\u00c7\u00c3O DE ADULTOS)<\/strong><\/h2><\/div><\/div>\n\n\n\n<div id=\"section-ga24f88\" class=\"wp-block-gutentor-e1 alignfull section-ga24f88 gutentor-element gutentor-element-advanced-text text-align-center-desktop\"><div class=\"gutentor-text-wrap\"><p class=\"gutentor-text\"><strong>Inscri\u00e7\u00f5es abertas! <\/strong><br><a rel=\"noreferrer noopener\" href=\"https:\/\/docs.google.com\/forms\/d\/14FMOSdAg8bRMH-TghkZpwg3pMyHDzWVl8JBcJWi-9YI\/edit\" target=\"_blank\">Clique aqui para se inscrever<\/a>!<br><\/p><\/div><\/div>\n\n\n\n<div id=\"section-g6e8c8a\" class=\"wp-block-gutentor-e6 section-g6e8c8a gutentor-element gutentor-element-image text-align-center-desktop\"><div class=\"gutentor-element-image-box\"><div class=\"gutentor-image-thumb\"><img decoding=\"async\" class=\"normal-image\" src=\"https:\/\/agr-tc.pt\/wp\/wp-content\/uploads\/2023\/05\/Qualifica.jpg\" alt=\"Cursos EFA\" \/><\/div><\/div><\/div>\n\n\n\n<p>Estes cursos t\u00eam por objetivo dar aos adultos a possibilidade de adquirir habilita\u00e7\u00f5es escolares e\/ou compet\u00eancias profissionais, com vista a uma (re)inser\u00e7\u00e3o ou progress\u00e3o no mercado de trabalho.<\/p>\n\n\n\n<p><strong>Destinat\u00e1rios:<\/strong><\/p>\n\n\n\n<p><br>1 -Os Cursos EFA destinam-se a pessoas com idade igual ou superior a 18 anos \u00e0 data do in\u00edcio da forma\u00e7\u00e3o, que pretendam elevar as suas qualifica\u00e7\u00f5es e, prioritariamente, sem a conclus\u00e3o do Ensino Secund\u00e1rio.<\/p>\n\n\n\n<p><br>2- A t\u00edtulo excecional, poder\u00e1 ser autorizada por membro do governo competente pela \u00e1rea da educa\u00e7\u00e3o, a frequ\u00eancia num Curso EFA a candidatos que, \u00e0 data de in\u00edcio da forma\u00e7\u00e3o, ainda n\u00e3o tenham completado 18 anos, desde que, comprovadamente, estejam inseridos no mercado de trabalho ou quando estejam em causa p\u00fablicos espec\u00edficos que se encontrem em situa\u00e7\u00e3o de particular vulnerabilidade social.<\/p>\n\n\n\n<p>Veja abaixo regulamento interno dos cursos EFA<\/p>\n\n\n\n<div data-wp-interactive=\"core\/file\" class=\"wp-block-file\"><object data-wp-bind--hidden=\"!state.hasPdfPreview\" hidden class=\"wp-block-file__embed\" data=\"https:\/\/agr-tc.pt\/wp\/wp-content\/uploads\/2023\/05\/REGULAMENTO-INTERNO-DOS-CURSOS-EFA.pdf\" type=\"application\/pdf\" style=\"width:100%;height:600px\" aria-label=\"Incorpora\u00e7\u00e3o de REGULAMENTO-INTERNO-DOS-CURSOS-EFA.\"><\/object><a id=\"wp-block-file--media-c1ab992c-751b-4112-80dc-f45efb2c47ed\" href=\"https:\/\/agr-tc.pt\/wp\/wp-content\/uploads\/2023\/05\/REGULAMENTO-INTERNO-DOS-CURSOS-EFA.pdf\">REGULAMENTO-INTERNO-DOS-CURSOS-EFA<\/a><a href=\"https:\/\/agr-tc.pt\/wp\/wp-content\/uploads\/2023\/05\/REGULAMENTO-INTERNO-DOS-CURSOS-EFA.pdf\" class=\"wp-block-file__button wp-element-button\" download aria-describedby=\"wp-block-file--media-c1ab992c-751b-4112-80dc-f45efb2c47ed\">Descarregar<\/a><\/div>\n","protected":false},"excerpt":{"rendered":"<p>Os Cursos EFA destinam-se a pessoas com idade igual ou superior a 18 anos \u00e0 data do in\u00edcio da forma\u00e7\u00e3o, que pretendam elevar as suas qualifica\u00e7\u00f5es e, prioritariamente, sem a conclus\u00e3o do Ensino Secund\u00e1rio.<\/p>\n","protected":false},"author":1,"featured_media":0,"parent":0,"menu_order":0,"comment_status":"closed","ping_status":"closed","template":"","meta":{"footnotes":""},"class_list":["post-3746","page","type-page","status-publish","hentry"],"_links":{"self":[{"href":"https:\/\/agr-tc.pt\/wp\/index.php?rest_route=\/wp\/v2\/pages\/3746","targetHints":{"allow":["GET"]}}],"collection":[{"href":"https:\/\/agr-tc.pt\/wp\/index.php?rest_route=\/wp\/v2\/pages"}],"about":[{"href":"https:\/\/agr-tc.pt\/wp\/index.php?rest_route=\/wp\/v2\/types\/page"}],"author":[{"embeddable":true,"href":"https:\/\/agr-tc.pt\/wp\/index.php?rest_route=\/wp\/v2\/users\/1"}],"replies":[{"embeddable":true,"href":"https:\/\/agr-tc.pt\/wp\/index.php?rest_route=%2Fwp%2Fv2%2Fcomments&post=3746"}],"version-history":[{"count":11,"href":"https:\/\/agr-tc.pt\/wp\/index.php?rest_route=\/wp\/v2\/pages\/3746\/revisions"}],"predecessor-version":[{"id":3766,"href":"https:\/\/agr-tc.pt\/wp\/index.php?rest_route=\/wp\/v2\/pages\/3746\/revisions\/3766"}],"wp:attachment":[{"href":"https:\/\/agr-tc.pt\/wp\/index.php?rest_route=%2Fwp%2Fv2%2Fmedia&parent=3746"}],"curies":[{"name":"wp","href":"https:\/\/api.w.org\/{rel}","templated":true}]}}

<div id="section-gde12b1" class="wp-block-gutentor-e1 section-gde12b1 gutentor-element gutentor-element-advanced-text text-align-center-desktop"><div class="gutentor-text-wrap"><h2 class="gutentor-text"><strong>CURSOS EFA (EDUCAÇÃO E FORMAÇÃO DE ADULTOS)</strong></h2></div></div>



<div id="section-ga24f88" class="wp-block-gutentor-e1 alignfull section-ga24f88 gutentor-element gutentor-element-advanced-text text-align-center-desktop"><div class="gutentor-text-wrap"><p class="gutentor-text"><strong>Inscrições abertas! </strong><br><a rel="noreferrer noopener" href="https://docs.google.com/forms/d/14FMOSdAg8bRMH-TghkZpwg3pMyHDzWVl8JBcJWi-9YI/edit" target="_blank">Clique aqui para se inscrever</a>!<br></p></div></div>



<div id="section-g6e8c8a" class="wp-block-gutentor-e6 section-g6e8c8a gutentor-element gutentor-element-image text-align-center-desktop"><div class="gutentor-element-image-box"><div class="gutentor-image-thumb"><img decoding="async" class="normal-image" src="https://agr-tc.pt/wp/wp-content/uploads/2023/05/Qualifica.jpg" alt="Cursos EFA" /></div></div></div>



<p>Estes cursos têm por objetivo dar aos adultos a possibilidade de adquirir habilitações escolares e/ou competências profissionais, com vista a uma (re)inserção ou progressão no mercado de trabalho.</p>



<p><strong>Destinatários:</strong></p>



<p><br>1 -Os Cursos EFA destinam-se a pessoas com idade igual ou superior a 18 anos à data do início da formação, que pretendam elevar as suas qualificações e, prioritariamente, sem a conclusão do Ensino Secundário.</p>



<p><br>2- A título excecional, poderá ser autorizada por membro do governo competente pela área da educação, a frequência num Curso EFA a candidatos que, à data de início da formação, ainda não tenham completado 18 anos, desde que, comprovadamente, estejam inseridos no mercado de trabalho ou quando estejam em causa públicos específicos que se encontrem em situação de particular vulnerabilidade social.</p>



<p>Veja abaixo regulamento interno dos cursos EFA</p>



<div data-wp-interactive="core/file" class="wp-block-file"><object data-wp-bind--hidden="!state.hasPdfPreview" hidden class="wp-block-file__embed" data="https://agr-tc.pt/wp/wp-content/uploads/2023/05/REGULAMENTO-INTERNO-DOS-CURSOS-EFA.pdf" type="application/pdf" style="width:100%;height:600px" aria-label="Incorporação de REGULAMENTO-INTERNO-DOS-CURSOS-EFA."></object><a id="wp-block-file--media-c1ab992c-751b-4112-80dc-f45efb2c47ed" href="https://agr-tc.pt/wp/wp-content/uploads/2023/05/REGULAMENTO-INTERNO-DOS-CURSOS-EFA.pdf">REGULAMENTO-INTERNO-DOS-CURSOS-EFA</a><a href="https://agr-tc.pt/wp/wp-content/uploads/2023/05/REGULAMENTO-INTERNO-DOS-CURSOS-EFA.pdf" class="wp-block-file__button wp-element-button" download aria-describedby="wp-block-file--media-c1ab992c-751b-4112-80dc-f45efb2c47ed">Descarregar</a></div>

<p>Os Cursos EFA destinam-se a pessoas com idade igual ou superior a 18 anos à data do início da formação, que pretendam elevar as suas qualificações e, prioritariamente, sem a conclusão do Ensino Secundário.</p>
