{"id":298,"date":"2021-12-03T00:03:59","date_gmt":"2021-12-03T00:03:59","guid":{"rendered":"https:\/\/agr-tc.pt\/wp\/?page_id=298"},"modified":"2021-12-03T01:03:40","modified_gmt":"2021-12-03T01:03:40","slug":"historia","status":"publish","type":"page","link":"https:\/\/agr-tc.pt\/wp\/?page_id=298","title":{"rendered":"Hist\u00f3ria"},"content":{"rendered":"\n<p>A Escola Secund\u00e1ria Tom\u00e1s Cabreira, atualmente sede do Agrupamento, \u00e9 uma escola centen\u00e1ria repleta de hist\u00f3ria e tradi\u00e7\u00e3o. Foi fundada no s\u00e9culo XIX, no ano de 1888, e funcionou inicialmente na rua do Munic\u00edpio. O atual edif\u00edcio, invulgarmente monumental para a \u00e9poca, foi constru\u00eddo para a escola, junto ao jardim da Alameda Jo\u00e3o de Deus no ano de 1908.<br>A Escola tem constitu\u00eddo um marco important\u00edssimo como refer\u00eancia educativa para muitas gera\u00e7\u00f5es de algarvios, que honrando a excel\u00eancia das suas aprendizagens se notabilizaram nos mais diversos setores da vida portuguesa. Da sua hist\u00f3ria faz parte o facto de ter vivido as muitas mudan\u00e7as de pol\u00edticas educativas do s\u00e9culo XX que levaram tamb\u00e9m a v\u00e1rias mudan\u00e7as do seu nome. Na sua atual localiza\u00e7\u00e3o funcionou o 1.\u00ba Liceu da cidade de Faro, na d\u00e9cada de 1950 passou a designar-se Escola T\u00e9cnica Serpa Pinto e pouco depois, Escola Industrial e Comercial de Faro. No p\u00f3s 25 de abril de<br>1974 foi-lhe atribu\u00eddo o nome de Escola Secund\u00e1ria Tom\u00e1s Cabreira, em homenagem ao ilustre Algarvio, escritor, militar, professor e pol\u00edtico da 1.a Republica, Tom\u00e1s Ant\u00f3nio da Guarda Cabreira.<\/p>\n\n\n\n<p><\/p>\n\n\n\n<p><\/p>\n","protected":false},"excerpt":{"rendered":"<p>A Escola Secund\u00e1ria Tom\u00e1s Cabreira, atualmente sede do Agrupamento, \u00e9 uma escola centen\u00e1ria repleta de hist\u00f3ria e tradi\u00e7\u00e3o.<\/p>\n","protected":false},"author":2,"featured_media":299,"parent":0,"menu_order":0,"comment_status":"closed","ping_status":"closed","template":"","meta":{"footnotes":""},"class_list":["post-298","page","type-page","status-publish","has-post-thumbnail","hentry"],"_links":{"self":[{"href":"https:\/\/agr-tc.pt\/wp\/index.php?rest_route=\/wp\/v2\/pages\/298","targetHints":{"allow":["GET"]}}],"collection":[{"href":"https:\/\/agr-tc.pt\/wp\/index.php?rest_route=\/wp\/v2\/pages"}],"about":[{"href":"https:\/\/agr-tc.pt\/wp\/index.php?rest_route=\/wp\/v2\/types\/page"}],"author":[{"embeddable":true,"href":"https:\/\/agr-tc.pt\/wp\/index.php?rest_route=\/wp\/v2\/users\/2"}],"replies":[{"embeddable":true,"href":"https:\/\/agr-tc.pt\/wp\/index.php?rest_route=%2Fwp%2Fv2%2Fcomments&post=298"}],"version-history":[{"count":2,"href":"https:\/\/agr-tc.pt\/wp\/index.php?rest_route=\/wp\/v2\/pages\/298\/revisions"}],"predecessor-version":[{"id":323,"href":"https:\/\/agr-tc.pt\/wp\/index.php?rest_route=\/wp\/v2\/pages\/298\/revisions\/323"}],"wp:featuredmedia":[{"embeddable":true,"href":"https:\/\/agr-tc.pt\/wp\/index.php?rest_route=\/wp\/v2\/media\/299"}],"wp:attachment":[{"href":"https:\/\/agr-tc.pt\/wp\/index.php?rest_route=%2Fwp%2Fv2%2Fmedia&parent=298"}],"curies":[{"name":"wp","href":"https:\/\/api.w.org\/{rel}","templated":true}]}}

História

<p>A Escola Secundária Tomás Cabreira, atualmente sede do Agrupamento, é uma escola centenária repleta de história e tradição. Foi fundada no século XIX, no ano de 1888, e funcionou inicialmente na rua do Município. O atual edifício, invulgarmente monumental para a época, foi construído para a escola, junto ao jardim da Alameda João de Deus no ano de 1908.<br>A Escola tem constituído um marco importantíssimo como referência educativa para muitas gerações de algarvios, que honrando a excelência das suas aprendizagens se notabilizaram nos mais diversos setores da vida portuguesa. Da sua história faz parte o facto de ter vivido as muitas mudanças de políticas educativas do século XX que levaram também a várias mudanças do seu nome. Na sua atual localização funcionou o 1.º Liceu da cidade de Faro, na década de 1950 passou a designar-se Escola Técnica Serpa Pinto e pouco depois, Escola Industrial e Comercial de Faro. No pós 25 de abril de<br>1974 foi-lhe atribuído o nome de Escola Secundária Tomás Cabreira, em homenagem ao ilustre Algarvio, escritor, militar, professor e político da 1.a Republica, Tomás António da Guarda Cabreira.</p>



<p></p>



<p></p>

<p>A Escola Secundária Tomás Cabreira, atualmente sede do Agrupamento, é uma escola centenária repleta de história e tradição.</p>
