{"id":1761,"date":"2022-09-21T23:51:57","date_gmt":"2022-09-21T23:51:57","guid":{"rendered":"https:\/\/agr-tc.pt\/wp\/?page_id=1761"},"modified":"2024-09-09T12:56:17","modified_gmt":"2024-09-09T12:56:17","slug":"historico-conselho-pedagogico-2021-2022","status":"publish","type":"page","link":"https:\/\/agr-tc.pt\/wp\/?page_id=1761","title":{"rendered":"Conselho Pedag\u00f3gico &#8211; 2021\/2022"},"content":{"rendered":"\n<p class=\"has-medium-font-size\"><strong><a href=\"https:\/\/agr-tc.pt\/wp\/?page_id=591\" target=\"_blank\" rel=\"noreferrer noopener\">Hist\u00f3rico &#8211; Lista atual aqui.<\/a><\/strong><\/p>\n\n\n\n<figure class=\"wp-block-table has-medium-font-size\"><table><tbody><tr><td><strong>CARGO&nbsp;<\/strong><\/td><td><strong>MEMBRO&nbsp;<\/strong><\/td><\/tr><tr><td>Presidente do Conselho Pedag\u00f3gico&nbsp;<\/td><td>Ana Paula Matos Mourato Marques&nbsp;<\/td><\/tr><tr><td>Coordenador do Departamento de Matem\u00e1tica&nbsp;<\/td><td>Domingos da Cunha Ferreira Grilo&nbsp;<\/td><\/tr><tr><td>Coordenador do Departamento de Ci\u00eancias Experimentais&nbsp;<\/td><td>Eduardo Vicente Silva<\/td><\/tr><tr><td>Coordenador do Departamento de Portugu\u00eas&nbsp;<\/td><td>Maria Teresa Catarina Rodrigues Pacheco&nbsp;<\/td><\/tr><tr><td>Coordenador do Departamento de L\u00ednguas Estrangeiras&nbsp;<\/td><td>Ana Cristina Apol\u00f3nia S\u00e1tiro Bacalhau Coelho&nbsp;<\/td><\/tr><tr><td>Coordenador do Departamento de Ci\u00eancias Sociais e&nbsp; Humanas&nbsp;<\/td><td>Maria Teresa Guerreiro G. Rodrigues&nbsp;<\/td><\/tr><tr><td>Coordenador do Departamento de Express\u00f5es&nbsp;<\/td><td>Teresa Maria Jos\u00e9 Rodrigues Almeida&nbsp;<\/td><\/tr><tr><td>Coordenador do Departamento do 1\u00ba. Ciclo&nbsp;<\/td><td>Ana Isabel Lopes Amaro&nbsp;<\/td><\/tr><tr><td>Coordenador dos Professores Titulares de Turma do 1\u00ba.&nbsp; Ciclo&nbsp;<\/td><td>Carlos Filipe Val Martins<\/td><\/tr><tr><td>Coordenador de Diretores de Turma do 2\u00ba. Ciclo&nbsp;<\/td><td>Ros\u00e1ria Cristina C. Almeida Santos<\/td><\/tr><tr><td>Coordenador de Diretores de Turma do 3\u00ba. Ciclo&nbsp;<\/td><td>Ana Bela Cardanho Moreira&nbsp;<\/td><\/tr><tr><td>Coordenador do Ensino Sec. Regular e dos Cursos Art\u00edsticos&nbsp; Especializados&nbsp;<\/td><td>Ana Paula Junqueira Roque&nbsp;<\/td><\/tr><tr><td>Coordenador dos Cursos Profissionais&nbsp;<\/td><td>Guilherme Manuel da Silva Mota&nbsp;<\/td><\/tr><tr><td>Coordenador do Ensino Noturno&nbsp;<\/td><td>Dulce Helena Horta de Oliveira Diogo \/ Lu\u00eds Pedro Martins Rosa Miguel&nbsp;<\/td><\/tr><tr><td>Coordenador da Educa\u00e7\u00e3o Especial&nbsp;<\/td><td>Maria Cristina Oliveira Gon\u00e7alves \/ Maria&nbsp; Judite Penas Ramos Marques<\/td><\/tr><tr><td>Coordenador das Bibliotecas Escolares&nbsp;<\/td><td>Hugo Duarte Diogo Virtuoso \/ Sara&nbsp;&nbsp;Rute Correia da Mata&nbsp;<\/td><\/tr><tr><td>Coordenador do Centro Qualifica&nbsp;<\/td><td>Fernando Daniel Lopes Mendon\u00e7a&nbsp;<\/td><\/tr><\/tbody><\/table><\/figure>\n","protected":false},"excerpt":{"rendered":"<p>Hist\u00f3rico &#8211; Lista atual aqui. CARGO&nbsp; MEMBRO&nbsp; Presidente do Conselho Pedag\u00f3gico&nbsp; Ana Paula Matos Mourato Marques&nbsp; Coordenador do Departamento de Matem\u00e1tica&nbsp; Domingos da Cunha Ferreira Grilo&nbsp; Coordenador do Departamento de Ci\u00eancias Experimentais&nbsp; Eduardo Vicente Silva Coordenador do Departamento de Portugu\u00eas&nbsp; Maria Teresa Catarina Rodrigues Pacheco&nbsp; Coordenador do Departamento de L\u00ednguas Estrangeiras&nbsp; Ana Cristina Apol\u00f3nia S\u00e1tiro&hellip;<\/p>\n","protected":false},"author":4,"featured_media":0,"parent":0,"menu_order":0,"comment_status":"closed","ping_status":"closed","template":"","meta":{"footnotes":""},"class_list":["post-1761","page","type-page","status-publish","hentry"],"_links":{"self":[{"href":"https:\/\/agr-tc.pt\/wp\/index.php?rest_route=\/wp\/v2\/pages\/1761","targetHints":{"allow":["GET"]}}],"collection":[{"href":"https:\/\/agr-tc.pt\/wp\/index.php?rest_route=\/wp\/v2\/pages"}],"about":[{"href":"https:\/\/agr-tc.pt\/wp\/index.php?rest_route=\/wp\/v2\/types\/page"}],"author":[{"embeddable":true,"href":"https:\/\/agr-tc.pt\/wp\/index.php?rest_route=\/wp\/v2\/users\/4"}],"replies":[{"embeddable":true,"href":"https:\/\/agr-tc.pt\/wp\/index.php?rest_route=%2Fwp%2Fv2%2Fcomments&post=1761"}],"version-history":[{"count":3,"href":"https:\/\/agr-tc.pt\/wp\/index.php?rest_route=\/wp\/v2\/pages\/1761\/revisions"}],"predecessor-version":[{"id":7110,"href":"https:\/\/agr-tc.pt\/wp\/index.php?rest_route=\/wp\/v2\/pages\/1761\/revisions\/7110"}],"wp:attachment":[{"href":"https:\/\/agr-tc.pt\/wp\/index.php?rest_route=%2Fwp%2Fv2%2Fmedia&parent=1761"}],"curies":[{"name":"wp","href":"https:\/\/api.w.org\/{rel}","templated":true}]}}

Conselho Pedagógico &#8211; 2021/2022

<p class="has-medium-font-size"><strong><a href="https://agr-tc.pt/wp/?page_id=591" target="_blank" rel="noreferrer noopener">Histórico &#8211; Lista atual aqui.</a></strong></p>



<figure class="wp-block-table has-medium-font-size"><table><tbody><tr><td><strong>CARGO&nbsp;</strong></td><td><strong>MEMBRO&nbsp;</strong></td></tr><tr><td>Presidente do Conselho Pedagógico&nbsp;</td><td>Ana Paula Matos Mourato Marques&nbsp;</td></tr><tr><td>Coordenador do Departamento de Matemática&nbsp;</td><td>Domingos da Cunha Ferreira Grilo&nbsp;</td></tr><tr><td>Coordenador do Departamento de Ciências Experimentais&nbsp;</td><td>Eduardo Vicente Silva</td></tr><tr><td>Coordenador do Departamento de Português&nbsp;</td><td>Maria Teresa Catarina Rodrigues Pacheco&nbsp;</td></tr><tr><td>Coordenador do Departamento de Línguas Estrangeiras&nbsp;</td><td>Ana Cristina Apolónia Sátiro Bacalhau Coelho&nbsp;</td></tr><tr><td>Coordenador do Departamento de Ciências Sociais e&nbsp; Humanas&nbsp;</td><td>Maria Teresa Guerreiro G. Rodrigues&nbsp;</td></tr><tr><td>Coordenador do Departamento de Expressões&nbsp;</td><td>Teresa Maria José Rodrigues Almeida&nbsp;</td></tr><tr><td>Coordenador do Departamento do 1º. Ciclo&nbsp;</td><td>Ana Isabel Lopes Amaro&nbsp;</td></tr><tr><td>Coordenador dos Professores Titulares de Turma do 1º.&nbsp; Ciclo&nbsp;</td><td>Carlos Filipe Val Martins</td></tr><tr><td>Coordenador de Diretores de Turma do 2º. Ciclo&nbsp;</td><td>Rosária Cristina C. Almeida Santos</td></tr><tr><td>Coordenador de Diretores de Turma do 3º. Ciclo&nbsp;</td><td>Ana Bela Cardanho Moreira&nbsp;</td></tr><tr><td>Coordenador do Ensino Sec. Regular e dos Cursos Artísticos&nbsp; Especializados&nbsp;</td><td>Ana Paula Junqueira Roque&nbsp;</td></tr><tr><td>Coordenador dos Cursos Profissionais&nbsp;</td><td>Guilherme Manuel da Silva Mota&nbsp;</td></tr><tr><td>Coordenador do Ensino Noturno&nbsp;</td><td>Dulce Helena Horta de Oliveira Diogo / Luís Pedro Martins Rosa Miguel&nbsp;</td></tr><tr><td>Coordenador da Educação Especial&nbsp;</td><td>Maria Cristina Oliveira Gonçalves / Maria&nbsp; Judite Penas Ramos Marques</td></tr><tr><td>Coordenador das Bibliotecas Escolares&nbsp;</td><td>Hugo Duarte Diogo Virtuoso / Sara&nbsp;&nbsp;Rute Correia da Mata&nbsp;</td></tr><tr><td>Coordenador do Centro Qualifica&nbsp;</td><td>Fernando Daniel Lopes Mendonça&nbsp;</td></tr></tbody></table></figure>

<p>Histórico &#8211; Lista atual aqui. CARGO&nbsp; MEMBRO&nbsp; Presidente do Conselho Pedagógico&nbsp; Ana Paula Matos Mourato Marques&nbsp; Coordenador do Departamento de Matemática&nbsp; Domingos da Cunha Ferreira Grilo&nbsp; Coordenador do Departamento de Ciências Experimentais&nbsp; Eduardo Vicente Silva Coordenador do Departamento de Português&nbsp; Maria Teresa Catarina Rodrigues Pacheco&nbsp; Coordenador do Departamento de Línguas Estrangeiras&nbsp; Ana Cristina Apolónia Sátiro&hellip;</p>
