{"id":1494,"date":"2022-09-12T17:28:05","date_gmt":"2022-09-12T17:28:05","guid":{"rendered":"https:\/\/agr-tc.pt\/wp\/?page_id=1494"},"modified":"2023-06-07T15:38:21","modified_gmt":"2023-06-07T15:38:21","slug":"1o-ciclo-2","status":"publish","type":"page","link":"https:\/\/agr-tc.pt\/wp\/?page_id=1494","title":{"rendered":"1\u00ba Ciclo"},"content":{"rendered":"\n<p>A entrada no 1\u00ba Ciclo \u00e9 um momento fundamental e uma nova etapa na vida das crian\u00e7as e das suas fam\u00edlias. A aprendizagem da leitura e da escrita proporcionam-lhes todo um mundo de possibilidades extraordin\u00e1rias que, juntamente com as restantes \u00e1reas disciplinares, garantem \u00e0 crian\u00e7a o in\u00edcio de uma aventura pelo mundo do conhecimento e, simultaneamente, o desenvolvimento de compet\u00eancias em termos de autonomia e responsabilidade. As nossas escolas proporcionam \u00e0s nossas crian\u00e7as ambientes de aprendizagem estimulantes e desafiadores das suas capacidades, sem descurar os afetos e as viv\u00eancias emocionais, determinantes para a sua felicidade e para a sua realiza\u00e7\u00e3o pessoal. Procuramos assim que cada aluno se sinta acolhido, integrado e feliz. Neste sentido, todas as \u00e1reas disciplinares do curr\u00edculo \u2013 Estudo do Meio, Portugu\u00eas, Matem\u00e1tica, Express\u00e3o Motora, Express\u00e3o Musical e Express\u00e3o Pl\u00e1stica \u2013 s\u00e3o planeadas de forma articulada entre os professores e complementadas com um plano de atividades diversificado, criativo e adequado \u00e0 concretiza\u00e7\u00e3o de aprendizagens significativas.<\/p>\n","protected":false},"excerpt":{"rendered":"<p>A entrada no 1\u00ba Ciclo \u00e9 um momento fundamental e uma nova etapa na vida das crian\u00e7as e das suas fam\u00edlias. A aprendizagem da leitura e da escrita proporcionam-lhes todo um mundo de possibilidades extraordin\u00e1rias que, juntamente com as restantes \u00e1reas disciplinares, garantem \u00e0 crian\u00e7a o in\u00edcio de uma aventura pelo mundo do conhecimento e,&hellip;<\/p>\n","protected":false},"author":1,"featured_media":4044,"parent":0,"menu_order":0,"comment_status":"closed","ping_status":"closed","template":"","meta":{"footnotes":""},"class_list":["post-1494","page","type-page","status-publish","has-post-thumbnail","hentry"],"_links":{"self":[{"href":"https:\/\/agr-tc.pt\/wp\/index.php?rest_route=\/wp\/v2\/pages\/1494","targetHints":{"allow":["GET"]}}],"collection":[{"href":"https:\/\/agr-tc.pt\/wp\/index.php?rest_route=\/wp\/v2\/pages"}],"about":[{"href":"https:\/\/agr-tc.pt\/wp\/index.php?rest_route=\/wp\/v2\/types\/page"}],"author":[{"embeddable":true,"href":"https:\/\/agr-tc.pt\/wp\/index.php?rest_route=\/wp\/v2\/users\/1"}],"replies":[{"embeddable":true,"href":"https:\/\/agr-tc.pt\/wp\/index.php?rest_route=%2Fwp%2Fv2%2Fcomments&post=1494"}],"version-history":[{"count":1,"href":"https:\/\/agr-tc.pt\/wp\/index.php?rest_route=\/wp\/v2\/pages\/1494\/revisions"}],"predecessor-version":[{"id":1495,"href":"https:\/\/agr-tc.pt\/wp\/index.php?rest_route=\/wp\/v2\/pages\/1494\/revisions\/1495"}],"wp:featuredmedia":[{"embeddable":true,"href":"https:\/\/agr-tc.pt\/wp\/index.php?rest_route=\/wp\/v2\/media\/4044"}],"wp:attachment":[{"href":"https:\/\/agr-tc.pt\/wp\/index.php?rest_route=%2Fwp%2Fv2%2Fmedia&parent=1494"}],"curies":[{"name":"wp","href":"https:\/\/api.w.org\/{rel}","templated":true}]}}

1º Ciclo

<p>A entrada no 1º Ciclo é um momento fundamental e uma nova etapa na vida das crianças e das suas famílias. A aprendizagem da leitura e da escrita proporcionam-lhes todo um mundo de possibilidades extraordinárias que, juntamente com as restantes áreas disciplinares, garantem à criança o início de uma aventura pelo mundo do conhecimento e, simultaneamente, o desenvolvimento de competências em termos de autonomia e responsabilidade. As nossas escolas proporcionam às nossas crianças ambientes de aprendizagem estimulantes e desafiadores das suas capacidades, sem descurar os afetos e as vivências emocionais, determinantes para a sua felicidade e para a sua realização pessoal. Procuramos assim que cada aluno se sinta acolhido, integrado e feliz. Neste sentido, todas as áreas disciplinares do currículo – Estudo do Meio, Português, Matemática, Expressão Motora, Expressão Musical e Expressão Plástica – são planeadas de forma articulada entre os professores e complementadas com um plano de atividades diversificado, criativo e adequado à concretização de aprendizagens significativas.</p>

<p>A entrada no 1º Ciclo é um momento fundamental e uma nova etapa na vida das crianças e das suas famílias. A aprendizagem da leitura e da escrita proporcionam-lhes todo um mundo de possibilidades extraordinárias que, juntamente com as restantes áreas disciplinares, garantem à criança o início de uma aventura pelo mundo do conhecimento e,&hellip;</p>
